[INFO] cloning repository https://github.com/ParkMyCar/actix-auth
[INFO] running `Command { std: "git" "-c" "credential.helper=" "-c" "credential.helper=/workspace/cargo-home/bin/git-credential-null" "clone" "--bare" "https://github.com/ParkMyCar/actix-auth" "/workspace/cache/git-repos/https%3A%2F%2Fgithub.com%2FParkMyCar%2Factix-auth", kill_on_drop: false }`
[INFO] [stderr] Cloning into bare repository '/workspace/cache/git-repos/https%3A%2F%2Fgithub.com%2FParkMyCar%2Factix-auth'...
[INFO] running `Command { std: "git" "rev-parse" "HEAD", kill_on_drop: false }`
[INFO] [stdout] cfc1e61224745d6fe3c74491cdabbe2a7fe81f34
[INFO] checking ParkMyCar/actix-auth against master#af3c6e733a40e671550e0f0f5aeecaa13772ba56 for pr-74989
[INFO] running `Command { std: "git" "clone" "/workspace/cache/git-repos/https%3A%2F%2Fgithub.com%2FParkMyCar%2Factix-auth" "/workspace/builds/worker-6/source", kill_on_drop: false }`
[INFO] [stderr] Cloning into '/workspace/builds/worker-6/source'...
[INFO] [stderr] done.
[INFO] validating manifest of git repo https://github.com/ParkMyCar/actix-auth on toolchain af3c6e733a40e671550e0f0f5aeecaa13772ba56
[INFO] running `Command { std: "/workspace/cargo-home/bin/cargo" "+af3c6e733a40e671550e0f0f5aeecaa13772ba56" "read-manifest" "--manifest-path" "Cargo.toml", kill_on_drop: false }`
[INFO] started tweaking git repo https://github.com/ParkMyCar/actix-auth
[INFO] finished tweaking git repo https://github.com/ParkMyCar/actix-auth
[INFO] tweaked toml for git repo https://github.com/ParkMyCar/actix-auth written to /workspace/builds/worker-6/source/Cargo.toml
[INFO] crate git repo https://github.com/ParkMyCar/actix-auth already has a lockfile, it will not be regenerated
[INFO] running `Command { std: "/workspace/cargo-home/bin/cargo" "+af3c6e733a40e671550e0f0f5aeecaa13772ba56" "fetch" "--locked" "--manifest-path" "Cargo.toml", kill_on_drop: false }`
[INFO] [stderr]     Blocking waiting for file lock on package cache
[INFO] running `Command { std: "docker" "create" "-v" "/var/lib/crater-agent-workspace/builds/worker-6/target:/opt/rustwide/target:rw,Z" "-v" "/var/lib/crater-agent-workspace/builds/worker-6/source:/opt/rustwide/workdir:ro,Z" "-v" "/var/lib/crater-agent-workspace/cargo-home:/opt/rustwide/cargo-home:ro,Z" "-v" "/var/lib/crater-agent-workspace/rustup-home:/opt/rustwide/rustup-home:ro,Z" "-e" "SOURCE_DIR=/opt/rustwide/workdir" "-e" "CARGO_TARGET_DIR=/opt/rustwide/target" "-e" "CARGO_HOME=/opt/rustwide/cargo-home" "-e" "RUSTUP_HOME=/opt/rustwide/rustup-home" "-w" "/opt/rustwide/workdir" "-m" "1610612736" "--user" "0:0" "--network" "none" "rustops/crates-build-env@sha256:d92eaeed33fa75130ca1ee6c8a01d1ffb62bac859dfdfb3450e3e5d1c0146529" "/opt/rustwide/cargo-home/bin/cargo" "+af3c6e733a40e671550e0f0f5aeecaa13772ba56" "metadata" "--no-deps" "--format-version=1", kill_on_drop: false }`
[INFO] [stderr] WARNING: Your kernel does not support swap limit capabilities or the cgroup is not mounted. Memory limited without swap.
[INFO] [stdout] c9e842f0f0071215230d0d7163453bc9a845e209418248ed0d425b58f9ac35fe
[INFO] running `Command { std: "docker" "start" "-a" "c9e842f0f0071215230d0d7163453bc9a845e209418248ed0d425b58f9ac35fe", kill_on_drop: false }`
[INFO] running `Command { std: "docker" "inspect" "c9e842f0f0071215230d0d7163453bc9a845e209418248ed0d425b58f9ac35fe", kill_on_drop: false }`
[INFO] running `Command { std: "docker" "rm" "-f" "c9e842f0f0071215230d0d7163453bc9a845e209418248ed0d425b58f9ac35fe", kill_on_drop: false }`
[INFO] [stdout] c9e842f0f0071215230d0d7163453bc9a845e209418248ed0d425b58f9ac35fe
[INFO] running `Command { std: "docker" "create" "-v" "/var/lib/crater-agent-workspace/builds/worker-6/target:/opt/rustwide/target:rw,Z" "-v" "/var/lib/crater-agent-workspace/builds/worker-6/source:/opt/rustwide/workdir:ro,Z" "-v" "/var/lib/crater-agent-workspace/cargo-home:/opt/rustwide/cargo-home:ro,Z" "-v" "/var/lib/crater-agent-workspace/rustup-home:/opt/rustwide/rustup-home:ro,Z" "-e" "SOURCE_DIR=/opt/rustwide/workdir" "-e" "CARGO_TARGET_DIR=/opt/rustwide/target" "-e" "CARGO_INCREMENTAL=0" "-e" "RUST_BACKTRACE=full" "-e" "RUSTFLAGS=--cap-lints=forbid" "-e" "CARGO_HOME=/opt/rustwide/cargo-home" "-e" "RUSTUP_HOME=/opt/rustwide/rustup-home" "-w" "/opt/rustwide/workdir" "-m" "1610612736" "--user" "0:0" "--network" "none" "rustops/crates-build-env@sha256:d92eaeed33fa75130ca1ee6c8a01d1ffb62bac859dfdfb3450e3e5d1c0146529" "/opt/rustwide/cargo-home/bin/cargo" "+af3c6e733a40e671550e0f0f5aeecaa13772ba56" "check" "--frozen" "--all" "--all-targets" "--message-format=json", kill_on_drop: false }`
[INFO] [stderr] WARNING: Your kernel does not support swap limit capabilities or the cgroup is not mounted. Memory limited without swap.
[INFO] [stdout] 64dae8be60e9d68fad05f6dbb90ea21f9a0b1794deb22f6058a9ca56fc047dde
[INFO] running `Command { std: "docker" "start" "-a" "64dae8be60e9d68fad05f6dbb90ea21f9a0b1794deb22f6058a9ca56fc047dde", kill_on_drop: false }`
[INFO] [stderr]    Compiling log v0.4.8
[INFO] [stderr]     Checking cfg-if v0.1.10
[INFO] [stderr]    Compiling byteorder v1.3.2
[INFO] [stderr]    Compiling semver-parser v0.7.0
[INFO] [stderr]     Checking futures v0.1.29
[INFO] [stderr]    Compiling syn v1.0.7
[INFO] [stderr]    Compiling memchr v2.2.1
[INFO] [stderr]     Checking either v1.5.3
[INFO] [stderr]     Checking scopeguard v1.0.0
[INFO] [stderr]     Checking slab v0.4.2
[INFO] [stderr]     Checking fnv v1.0.6
[INFO] [stderr]    Compiling version_check v0.1.5
[INFO] [stderr]    Compiling proc-macro2 v0.4.30
[INFO] [stderr]    Compiling failure_derive v0.1.6
[INFO] [stderr]    Compiling unicode-xid v0.1.0
[INFO] [stderr]     Checking matches v0.1.8
[INFO] [stderr]    Compiling regex-syntax v0.6.12
[INFO] [stderr]     Checking rustc-demangle v0.1.16
[INFO] [stderr]    Compiling syn v0.15.44
[INFO] [stderr]    Compiling ryu v1.0.2
[INFO] [stderr]    Compiling httparse v1.3.4
[INFO] [stderr]     Checking percent-encoding v2.1.0
[INFO] [stderr]    Compiling getrandom v0.1.13
[INFO] [stderr]     Checking nodrop v0.1.14
[INFO] [stderr]     Checking adler32 v1.0.4
[INFO] [stderr]    Compiling encoding_rs v0.8.20
[INFO] [stderr]     Checking dtoa v0.4.4
[INFO] [stderr]     Checking copyless v0.1.4
[INFO] [stderr]     Checking mime v0.3.14
[INFO] [stderr]     Checking ppv-lite86 v0.2.6
[INFO] [stderr]     Checking linked-hash-map v0.5.2
[INFO] [stderr]    Compiling unicode-width v0.1.6
[INFO] [stderr]    Compiling openssl v0.10.25
[INFO] [stderr]    Compiling strsim v0.8.0
[INFO] [stderr]    Compiling scopeguard v0.3.3
[INFO] [stderr]    Compiling termcolor v1.0.5
[INFO] [stderr]     Checking hashbrown v0.5.0
[INFO] [stderr]     Checking language-tags v0.2.2
[INFO] [stderr]    Compiling remove_dir_all v0.5.2
[INFO] [stderr]     Checking sha1 v0.6.0
[INFO] [stderr]    Compiling pq-sys v0.4.6
[INFO] [stderr]    Compiling rand_chacha v0.1.1
[INFO] [stderr]    Compiling rand_pcg v0.1.2
[INFO] [stderr]    Compiling rand v0.6.5
[INFO] [stderr]    Compiling indexmap v1.3.0
[INFO] [stderr]    Compiling num-traits v0.2.8
[INFO] [stderr]    Compiling num-integer v0.1.41
[INFO] [stderr]     Checking thread_local v0.3.6
[INFO] [stderr]     Checking unicode-normalization v0.1.8
[INFO] [stderr]     Checking rand_jitter v0.1.4
[INFO] [stderr]     Checking crossbeam-utils v0.6.6
[INFO] [stderr]     Checking try_from v0.3.2
[INFO] [stderr]     Checking lock_api v0.3.1
[INFO] [stderr]     Checking unicode-bidi v0.3.4
[INFO] [stderr]    Compiling semver v0.9.0
[INFO] [stderr]     Checking humantime v1.3.0
[INFO] [stderr]     Checking miniz_oxide v0.3.5
[INFO] [stderr]    Compiling clang-sys v0.26.4
[INFO] [stderr]    Compiling unicase v2.5.1
[INFO] [stderr]    Compiling nom v4.2.3
[INFO] [stderr]    Compiling error-chain v0.12.1
[INFO] [stderr]    Compiling textwrap v0.11.0
[INFO] [stderr]    Compiling libc v0.2.65
[INFO] [stderr]     Checking lru-cache v0.1.2
[INFO] [stderr]    Compiling proc-macro2 v1.0.6
[INFO] [stderr]     Checking rand_xorshift v0.1.1
[INFO] [stderr]     Checking rand_hc v0.1.0
[INFO] [stderr]     Checking rand_isaac v0.1.1
[INFO] [stderr]    Compiling bitflags v1.2.1
[INFO] [stderr]     Checking c2-chacha v0.2.3
[INFO] [stderr]     Checking arrayvec v0.4.12
[INFO] [stderr]     Checking crc32fast v1.2.0
[INFO] [stderr]     Checking crossbeam-queue v0.1.2
[INFO] [stderr]     Checking iovec v0.1.4
[INFO] [stderr]     Checking net2 v0.2.33
[INFO] [stderr]     Checking rand_os v0.1.3
[INFO] [stderr]     Checking time v0.1.42
[INFO] [stderr]     Checking socket2 v0.3.11
[INFO] [stderr]     Checking hostname v0.1.5
[INFO] [stderr]     Checking signal-hook-registry v1.1.1
[INFO] [stderr]     Checking atty v0.2.13
[INFO] [stderr]    Compiling rustc_version v0.2.3
[INFO] [stderr]     Checking tokio-executor v0.1.8
[INFO] [stderr]     Checking tokio-sync v0.1.7
[INFO] [stderr]     Checking actix-service v0.4.2
[INFO] [stderr]     Checking want v0.2.0
[INFO] [stderr]    Compiling quote v1.0.2
[INFO] [stderr]     Checking threadpool v1.7.1
[INFO] [stderr]     Checking futures-cpupool v0.1.8
[INFO] [stderr]    Compiling jobserver v0.1.17
[INFO] [stderr]    Compiling num_cpus v1.11.0
[INFO] [stderr]    Compiling rand v0.4.6
[INFO] [stderr]    Compiling aho-corasick v0.7.6
[INFO] [stderr]     Checking bytes v0.4.12
[INFO] [stderr]     Checking base64 v0.10.1
[INFO] [stderr]     Checking rand_core v0.5.1
[INFO] [stderr]     Checking mio v0.6.19
[INFO] [stderr]     Checking resolv-conf v0.6.2
[INFO] [stderr]    Compiling quote v0.6.13
[INFO] [stderr]    Compiling hashbrown v0.1.8
[INFO] [stderr]     Checking idna v0.1.5
[INFO] [stderr]     Checking idna v0.2.0
[INFO] [stderr]     Checking signal-hook v0.1.11
[INFO] [stderr]    Compiling bindgen v0.48.1
[INFO] [stderr]     Checking tokio-timer v0.2.11
[INFO] [stderr]     Checking tokio-current-thread v0.1.6
[INFO] [stderr]    Compiling clap v2.33.0
[INFO] [stderr]    Compiling parking_lot_core v0.6.2
[INFO] [stderr]    Compiling parking_lot v0.9.0
[INFO] [stderr]    Compiling memoffset v0.5.2
[INFO] [stderr]    Compiling hyper v0.12.35
[INFO] [stderr]    Compiling cc v1.0.46
[INFO] [stderr]     Checking rand_chacha v0.2.1
[INFO] [stderr]     Checking tokio-io v0.1.12
[INFO] [stderr]     Checking http v0.1.19
[INFO] [stderr]     Checking string v0.2.1
[INFO] [stderr]     Checking tokio-buf v0.1.1
[INFO] [stderr]    Compiling mime_guess v2.0.1
[INFO] [stderr]    Compiling tempdir v0.3.7
[INFO] [stderr]    Compiling regex v1.3.1
[INFO] [stderr]     Checking mio-uds v0.6.7
[INFO] [stderr]     Checking url v2.1.0
[INFO] [stderr]     Checking url v1.7.2
[INFO] [stderr]    Compiling cexpr v0.3.5
[INFO] [stderr]     Checking rand v0.7.2
[INFO] [stderr]     Checking tokio-codec v0.1.1
[INFO] [stderr]     Checking actix-codec v0.1.2
[INFO] [stderr]     Checking crossbeam-epoch v0.7.2
[INFO] [stderr]     Checking actix-utils v0.4.7
[INFO] [stderr]     Checking crossbeam-deque v0.7.1
[INFO] [stderr]     Checking cookie v0.12.0
[INFO] [stderr]     Checking tokio-reactor v0.1.10
[INFO] [stderr]     Checking scheduled-thread-pool v0.2.2
[INFO] [stderr]     Checking tokio-threadpool v0.1.16
[INFO] [stderr]     Checking r2d2 v0.8.6
[INFO] [stderr]    Compiling backtrace-sys v0.1.32
[INFO] [stderr]    Compiling miniz-sys v0.1.12
[INFO] [stderr]    Compiling openssl-sys v0.9.52
[INFO] [stderr]    Compiling brotli-sys v0.3.2
[INFO] [stderr]    Compiling libloading v0.5.2
[INFO] [stderr]    Compiling ring v0.14.6
[INFO] [stderr]     Checking env_logger v0.6.2
[INFO] [stderr]     Checking tokio-tcp v0.1.3
[INFO] [stderr]     Checking tokio-udp v0.1.5
[INFO] [stderr]     Checking tokio-signal v0.2.7
[INFO] [stderr]     Checking actix-server-config v0.1.2
[INFO] [stderr]     Checking tokio v0.1.22
[INFO] [stderr]     Checking h2 v0.1.26
[INFO] [stderr]     Checking http-body v0.1.0
[INFO] [stderr]    Compiling native-tls v0.2.3
[INFO] [stderr]     Checking flate2 v1.0.12
[INFO] [stderr]     Checking backtrace v0.3.40
[INFO] [stderr]     Checking publicsuffix v1.5.3
[INFO] [stderr]     Checking brotli2 v0.3.2
[INFO] [stderr]    Compiling derive_more v0.15.0
[INFO] [stderr]    Compiling enum-as-inner v0.2.1
[INFO] [stderr]    Compiling synstructure v0.12.1
[INFO] [stderr]     Checking hyper-tls v0.3.2
[INFO] [stderr]    Compiling serde_derive v1.0.102
[INFO] [stderr]    Compiling actix-web-codegen v0.1.3
[INFO] [stderr]    Compiling diesel_derives v1.4.1
[INFO] [stderr]     Checking actix-threadpool v0.1.2
[INFO] [stderr]     Checking actix-rt v0.2.5
[INFO] [stderr]     Checking actix-server v0.6.1
[INFO] [stderr]     Checking actix-testing v0.1.0
[INFO] [stderr]     Checking failure v0.1.6
[INFO] [stderr]     Checking trust-dns-proto v0.7.4
[INFO] [stderr]     Checking dotenv v0.14.1
[INFO] [stderr]    Compiling which v2.0.1
[INFO] [stderr]     Checking trust-dns-resolver v0.11.1
[INFO] [stderr]     Checking actix-connect v0.2.5
[INFO] [stderr]     Checking serde v1.0.102
[INFO] [stderr]    Compiling argonautica v0.2.0
[INFO] [stderr]     Checking serde_json v1.0.41
[INFO] [stderr]     Checking chrono v0.4.9
[INFO] [stderr]     Checking serde_urlencoded v0.6.1
[INFO] [stderr]     Checking uuid v0.7.4
[INFO] [stderr]     Checking actix-router v0.1.5
[INFO] [stderr]     Checking serde_urlencoded v0.5.5
[INFO] [stderr]     Checking diesel v1.4.3
[INFO] [stderr]     Checking actix-http v0.2.10
[INFO] [stderr]     Checking cookie_store v0.7.0
[INFO] [stderr]     Checking reqwest v0.9.22
[INFO] [stderr]     Checking sparkpost v0.5.3
[INFO] [stderr]     Checking awc v0.2.7
[INFO] [stderr]     Checking actix-web v1.0.8
[INFO] [stderr]     Checking actix-identity v0.1.0
[INFO] [stderr]     Checking actix-auth v0.1.0 (/opt/rustwide/workdir)
[INFO] [stdout] error[E0432]: unresolved import `crate::schema`
[INFO] [stdout]  --> src/models.rs:3:12
[INFO] [stdout]   |
[INFO] [stdout] 3 | use crate::schema::*;
[INFO] [stdout]   |            ^^^^^^ maybe a missing crate `schema`?
[INFO] [stdout] 
[INFO] [stdout] 
[INFO] [stdout] error[E0433]: failed to resolve: use of undeclared type or module `invitations`
[INFO] [stdout]  --> src/models.rs:8:16
[INFO] [stdout]   |
[INFO] [stdout] 8 | #[table_name = "invitations"]
[INFO] [stdout]   |                ^^^^^^^^^^^^^ use of undeclared type or module `invitations`
[INFO] [stdout] 
[INFO] [stdout] 
[INFO] [stdout] error[E0432]: unresolved import `crate::schema`
[INFO] [stdout]  --> src/models.rs:3:12
[INFO] [stdout]   |
[INFO] [stdout] 3 | use crate::schema::*;
[INFO] [stdout]   |            ^^^^^^ maybe a missing crate `schema`?
[INFO] [stdout] 
[INFO] [stdout] 
[INFO] [stdout] error[E0433]: failed to resolve: use of undeclared type or module `invitations`
[INFO] [stdout]  --> src/models.rs:8:16
[INFO] [stdout]   |
[INFO] [stdout] 8 | #[table_name = "invitations"]
[INFO] [stdout]   |                ^^^^^^^^^^^^^ use of undeclared type or module `invitations`
[INFO] [stdout] 
[INFO] [stdout] 
[INFO] [stdout] error: aborting due to 2 previous errors
[INFO] [stdout] 
[INFO] [stdout] 
[INFO] [stdout] Some errors have detailed explanations: E0432, E0433.
[INFO] [stdout] 
[INFO] [stdout] For more information about an error, try `rustc --explain E0432`.
[INFO] [stdout] 
[INFO] [stderr] error: could not compile `actix-auth`.
[INFO] [stderr] 
[INFO] [stderr] To learn more, run the command again with --verbose.
[INFO] [stderr] warning: build failed, waiting for other jobs to finish...
[INFO] [stdout] error: aborting due to 2 previous errors
[INFO] [stdout] 
[INFO] [stdout] 
[INFO] [stdout] Some errors have detailed explanations: E0432, E0433.
[INFO] [stdout] 
[INFO] [stdout] For more information about an error, try `rustc --explain E0432`.
[INFO] [stdout] 
[INFO] [stderr] error: build failed
[INFO] running `Command { std: "docker" "inspect" "64dae8be60e9d68fad05f6dbb90ea21f9a0b1794deb22f6058a9ca56fc047dde", kill_on_drop: false }`
[INFO] running `Command { std: "docker" "rm" "-f" "64dae8be60e9d68fad05f6dbb90ea21f9a0b1794deb22f6058a9ca56fc047dde", kill_on_drop: false }`
[INFO] [stdout] 64dae8be60e9d68fad05f6dbb90ea21f9a0b1794deb22f6058a9ca56fc047dde
